rs of 103?
103
What are the prime factors of 750?
2, 3, 5
List the prime factors of 52031.
7, 7433
List the prime factors of 15028.
2, 13, 17
List the prime factors of 7081.
73, 97
List the prime factors of 153312.
2, 3, 1597
What are the prime factors of 32958?
2, 3, 1831
What are the prime factors of 126403?
41, 3083
What are the prime factors of 243?
3
What are the prime factors of 761?
761
List the prime factors of 2062.
2, 1031
What are the prime factors of 341?
11, 31
List the prime factors of 2670.
2, 3, 5, 89
List the prime factors of 12942.
2, 3, 719
What are the prime factors of 5523?
3, 7, 263
What are the prime factors of 37205?
5, 7, 1063
What are the prime factors of 77017?
77017
List the prime factors of 42835.
5, 13, 659
List the prime factors of 40790.
2, 5, 4079
What are the prime factors of 6841?
6841
List the prime factors of 103987.
13, 19, 421
List the prime factors of 342.
2, 3, 19
List the prime factors of 7806.
2, 3, 1301
What are the prime factors of 6563?
6563
What are the prime factors of 745?
5, 149
List the prime factors of 147114.
2, 3, 11, 743
List the prime factors of 11073.
3, 3691
List the prime factors of 665.
5, 7, 19
List the prime factors of 37891.
7, 5413
What are the prime factors of 1865?
5, 373
What are the prime factors of 3559?
3559
What are the prime factors of 48422?
2, 11, 31, 71
What are the prime factors of 7771?
19, 409
What are the prime factors of 125?
5
List the prime factors of 15240.
2, 3, 5, 127
List the prime factors of 2038.
2, 1019
List the prime factors of 12673.
19, 23, 29
What are the prime factors of 20397?
3, 13, 523
List the prime factors of 1924.
2, 13, 37
List the prime factors of 19730.
2, 5, 1973
List the prime factors of 1762.
2, 881
What are the prime factors of 782?
2, 17, 23
List the prime factors of 11509.
17, 677
List the prime factors of 939.
3, 313
List the prime factors of 111683.
11, 13, 71
What are the prime factors of 923?
13, 71
What are the prime factors of 364?
2, 7, 13
What are the prime factors of 532?
2, 7, 19
What are the prime factors of 15540?
2, 3, 5, 7, 37
List the prime factors of 55638.
2, 3, 11, 281
List the prime factors of 7996.
2, 1999
What are the prime factors of 195575?
5, 7823
What are the prime factors of 7317?
3, 271
What are the prime factors of 11492?
2, 13, 17
List the prime factors of 133510.
2, 5, 13, 79
List the prime factors of 11155.
5, 23, 97
List the prime factors of 19334.
2, 7, 1381
What are the prime factors of 1582?
2, 7, 113
What are the prime factors of 97115?
5, 19423
List the prime factors of 5281.
5281
List the prime factors of 33465.
3, 5, 23, 97
List the prime factors of 10004.
2, 41, 61
What are the prime factors of 11615?
5, 23, 101
List the prime factors of 12819.
3, 4273
What are the prime factors of 41040?
2, 3, 5, 19
List the prime factors of 2824.
2, 353
List the prime factors of 96517.
96517
What are the prime factors of 79413?
3, 103, 257
List the prime factors of 1609.
1609
List the prime factors of 67845.
3, 5, 4523
What are the prime factors of 7980?
2, 3, 5, 7, 19
What are the prime factors of 22873?
89, 257
List the prime factors of 138.
2, 3, 23
What are the prime factors of 9571?
17, 563
List the prime factors of 45547.
37, 1231
What are the prime factors of 2435?
5, 487
List the prime factors of 586.
2, 293
List the prime factors of 3457.
3457
What are the prime factors of 808?
2, 101
What are the prime factors of 704?
2, 11
List the prime factors of 41935.
5, 8387
What are the prime factors of 7551?
3, 839
List the prime factors of 52.
2, 13
What are the prime factors of 1191?
3, 397
What are the prime factors of 11513?
29, 397
What are the prime factors of 3547?
3547
List the prime factors of 12524.
2, 31, 101
List the prime factors of 8152.
2, 1019
List the prime factors of 57236.
2, 41, 349
List the prime factors of 1424.
2, 89
List the prime factors of 974.
2, 487
List the prime factors of 3460.
2, 5, 173
List the prime factors of 6123.
3, 13, 157
What are the prime factors of 36096?
2, 3, 47
List the prime factors of 15955.
5, 3191
List the prime factors of 2466.
2, 3, 137
List the prime factors of 1442.
2, 7, 103
List the prime factors of 8371.
11, 761
List the prime factors of 41783.
7, 47, 127
List the prime factors of 15386.
2, 7, 157
What are the prime factors of 112785?
3, 5, 73, 103
What are the prime factors of 24716?
2, 37, 167
List the prime factors of 7492.
2, 1873
What are the prime factors of 78705?
3, 5, 11, 53
List the prime factors of 28744.
2, 3593
List the prime factors of 3585.
3, 5, 239
List the prime factors of 291.
3, 97
List the prime factors of 109423.
109423
List the prime factors of 69.
3, 23
List the prime factors of 16784.
2, 1049
List the prime factors of 5625.
3, 5
List the prime factors of 681.
3, 227
List the prime factors of 1826.
2, 11, 83
List the prime factors of 27693.
3, 17, 181
What are the prime factors of 1173?
3, 17, 23
List the prime factors of 22103.
23, 31
List the prime factors of 11653.
43, 271
What are the prime factors of 42139?
42139
What are the prime factors of 34144?
2, 11, 97
What are the prime factors of 54610?
2, 5, 43, 127
List the prime factors of 119355.
3, 5, 73, 109
What are the prime factors of 16028?
2, 4007
What are the prime factors of 3190?
2, 5, 11, 29
What are the prime factors of 2539?
2539
What are the prime factors of 2189?
11, 199
List the prime factors of 319.
11, 29
List the prime factors of 71940.
2, 3, 5, 11, 109
What are the prime factors of 13171?
13171
List the prime factors of 802.
2, 401
List the prime factors of 408.
2, 3, 17
List the prime factors of 2160.
2, 3, 5
What are the prime factors of 1239?
3, 7, 59
List the prime factors of 23328.
2, 3
List the prime factors of 4810.
2, 5, 13, 37
List the prime factors of 36088.
2, 13, 347
What are the prime factors of 1137?
3, 379
What are the prime factors of 256?
2
What are the prime factors of 9317?
7, 11
List the prime factors of 49749.
3, 7, 23, 103
List the prime factors of 566.
2, 283
What are the prime factors of 1127?
7, 23
What are the prime factors of 15965?
5, 31, 103
List the prime factors of 2995.
5, 599
What are the prime factors of 6036?
2, 3, 503
What are the prime factors of 12936?
2, 3, 7, 11
List the prime factors of 4248.
2, 3, 59
List the prime factors of 12820.
2, 5, 641
What are the prime factors of 3141?
3, 349
List the prime factors of 839.
839
What are the prime factors of 131?
131
List the prime factors of 6167.
7, 881
List the prime factors of 1099.
7, 157
What are the prime factors of 6353?
6353
List the prime factors of 1109.
1109
What are the prime factors of 52743?
3, 17581
What are the prime factors of 3841?
23, 167
What are the prime factors of 835?
5, 167
What are the prime factors of 10871?
7, 1553
What are the prime factors of 3179?
11, 17
List the prime factors of 7372.
2, 19, 97
What are the prime factors of 219?
3, 73
List the prime factors of 8999.
8999
What are the prime factors of 20151?
3, 2239
List the prime factors of 5825.
5, 233
What are the prime factors of 5593?
7, 17, 47
What are the prime factors of 1504?
2, 47
What are the prime factors of 1042?
2, 521
List the prime factors of 446.
2, 223
What are the prime factors of 7210?
2, 5, 7, 103
List the prime factors of 8651.
41, 211
List the prime factors of 1179.
3, 131
What are the prime factors of 4122?
2, 3, 229
What are the prime factors of 8382?
2, 3, 11, 127
List the prime factors of 17463.
3, 5821
What are the prime factors of 1340?
2, 5, 67
List the prime factors of 1260.
2, 3, 5, 7
List the prime factors of 3356.
2, 839
List the prime factors of 1624.
2, 7, 29
List the prime factors of 2047.
23, 89
What are the prime factors of 37258?
2, 13, 1433
What are the prime factors of 15537?
3, 5179
What are the prime factors of 5976?
2, 3, 83
List the prime factors of 1390.
2, 5, 139
What are the prime factors of 308?
2, 7, 11
List the prime factors of 768.
2, 3
List the prime factors of 24676.
2, 31, 199
What are the prime factors of 2344?
2, 293
List the prime factors of 14171.
37, 383
List the prime factors of 1611.
3, 179
What are the prime factors of 13698?
2, 3, 761
What are the prime factors of 2498?
2, 1249
List the prime factors of 6856.
2, 857
What are the p